{"id":3933,"date":"2026-04-27T13:45:05","date_gmt":"2026-04-27T11:45:05","guid":{"rendered":"https:\/\/www.tt-nogent.fr\/?page_id=3933"},"modified":"2026-04-27T13:46:07","modified_gmt":"2026-04-27T11:46:07","slug":"progression-mensuelle-des-licencies","status":"publish","type":"page","link":"https:\/\/www.tt-nogent.fr\/index.php\/progression-mensuelle-des-licencies\/","title":{"rendered":"Progression mensuelle des licenci\u00e9s"},"content":{"rendered":"\n<h2 class=\"wp-block-heading\">Progression mensuelle des licenci\u00e9s<\/h2>\n\n\n\n<p>Suivez l&rsquo;\u00e9volution du nombre de licenci\u00e9s au club NOGENT TT (FFTT 08940524) :<\/p>\n\n\n\n<figure class=\"wp-block-embed\"><div class=\"wp-block-embed__wrapper\">\nhttps:\/\/www.pingpocket.fr\/app\/fftt\/clubs\/08940524\/licencies?SORT=MONTHLY_INCREASE\n<\/div><\/figure>\n\n\n\n<p><a href=\"https:\/\/www.pingpocket.fr\/app\/fftt\/clubs\/08940524\/licencies?SORT=MONTHLY_INCREASE\" target=\"_blank\" rel=\"noreferrer noopener\">Voir la progression mensuelle compl\u00e8te<\/a><\/p>\n\n\n\n<p>Donn\u00e9es fournies par <a href=\"https:\/\/www.pingpocket.fr\" target=\"_blank\" rel=\"noreferrer noopener\">PingPocket<\/a><\/p>\n","protected":false},"excerpt":{"rendered":"<p>Progression mensuelle des licenci\u00e9s Suivez l&rsquo;\u00e9volution du nombre de licenci\u00e9s au club NOGENT TT (FFTT 08940524) : Voir la progression mensuelle compl\u00e8te Donn\u00e9es fournies par PingPocket<\/p>\n","protected":false},"author":1,"featured_media":0,"parent":0,"menu_order":0,"comment_status":"closed","ping_status":"closed","template":"","meta":{"footnotes":""},"class_list":["post-3933","page","type-page","status-publish","hentry"],"_links":{"self":[{"href":"https:\/\/www.tt-nogent.fr\/index.php\/wp-json\/wp\/v2\/pages\/3933","targetHints":{"allow":["GET"]}}],"collection":[{"href":"https:\/\/www.tt-nogent.fr\/index.php\/wp-json\/wp\/v2\/pages"}],"about":[{"href":"https:\/\/www.tt-nogent.fr\/index.php\/wp-json\/wp\/v2\/types\/page"}],"author":[{"embeddable":true,"href":"https:\/\/www.tt-nogent.fr\/index.php\/wp-json\/wp\/v2\/users\/1"}],"replies":[{"embeddable":true,"href":"https:\/\/www.tt-nogent.fr\/index.php\/wp-json\/wp\/v2\/comments?post=3933"}],"version-history":[{"count":2,"href":"https:\/\/www.tt-nogent.fr\/index.php\/wp-json\/wp\/v2\/pages\/3933\/revisions"}],"predecessor-version":[{"id":3936,"href":"https:\/\/www.tt-nogent.fr\/index.php\/wp-json\/wp\/v2\/pages\/3933\/revisions\/3936"}],"wp:attachment":[{"href":"https:\/\/www.tt-nogent.fr\/index.php\/wp-json\/wp\/v2\/media?parent=3933"}],"curies":[{"name":"wp","href":"https:\/\/api.w.org\/{rel}","templated":true}]}}