{"id":1978,"date":"2022-12-20T19:07:51","date_gmt":"2022-12-20T18:07:51","guid":{"rendered":"http:\/\/www.tt-nogent.fr\/?page_id=1978"},"modified":"2025-04-15T19:40:24","modified_gmt":"2025-04-15T17:40:24","slug":"partenaires","status":"publish","type":"page","link":"https:\/\/www.tt-nogent.fr\/index.php\/partenaires\/","title":{"rendered":"Partenaires"},"content":{"rendered":"\n<figure class=\"wp-block-image size-large\"><a href=\"https:\/\/www.ping-passion.com\" target=\"_blank\" rel=\"noreferrer noopener\"><img loading=\"lazy\" decoding=\"async\" width=\"1024\" height=\"200\" src=\"https:\/\/www.tt-nogent.fr\/wp-content\/uploads\/2022\/12\/image-7-1024x200.png\" alt=\"\" class=\"wp-image-1981\" srcset=\"https:\/\/www.tt-nogent.fr\/wp-content\/uploads\/2022\/12\/image-7-1024x200.png 1024w, https:\/\/www.tt-nogent.fr\/wp-content\/uploads\/2022\/12\/image-7-300x59.png 300w, https:\/\/www.tt-nogent.fr\/wp-content\/uploads\/2022\/12\/image-7-768x150.png 768w, https:\/\/www.tt-nogent.fr\/wp-content\/uploads\/2022\/12\/image-7-1320x257.png 1320w, https:\/\/www.tt-nogent.fr\/wp-content\/uploads\/2022\/12\/image-7.png 1400w\" sizes=\"auto, (max-width: 1024px) 100vw, 1024px\" \/><\/a><figcaption class=\"wp-element-caption\"><em><mark style=\"background-color:rgba(0, 0, 0, 0)\" class=\"has-inline-color has-cyan-bluish-gray-color\">PING-PASSION&nbsp;(Indiquez&nbsp;\u00eatre&nbsp;adh\u00e9rent au club pour b\u00e9n\u00e9ficier d&rsquo;une remise jusqu&rsquo;\u00e0 20 %)<\/mark><\/em><\/figcaption><\/figure>\n\n\n\n<figure class=\"wp-block-image size-full\"><img loading=\"lazy\" decoding=\"async\" width=\"519\" height=\"161\" src=\"https:\/\/www.tt-nogent.fr\/wp-content\/uploads\/2023\/07\/Logo-1-Credit-Mutuel-Nogent.jpg\" alt=\"\" class=\"wp-image-2315\" srcset=\"https:\/\/www.tt-nogent.fr\/wp-content\/uploads\/2023\/07\/Logo-1-Credit-Mutuel-Nogent.jpg 519w, https:\/\/www.tt-nogent.fr\/wp-content\/uploads\/2023\/07\/Logo-1-Credit-Mutuel-Nogent-300x93.jpg 300w\" sizes=\"auto, (max-width: 519px) 100vw, 519px\" \/><figcaption class=\"wp-element-caption\"><em><mark style=\"background-color:rgba(0, 0, 0, 0)\" class=\"has-inline-color has-cyan-bluish-gray-color\">Cr\u00e9dit Mutuel<\/mark><\/em><\/figcaption><\/figure>\n\n\n\n<p><\/p>\n","protected":false},"excerpt":{"rendered":"","protected":false},"author":3,"featured_media":0,"parent":0,"menu_order":0,"comment_status":"closed","ping_status":"closed","template":"","meta":{"footnotes":""},"class_list":["post-1978","page","type-page","status-publish","hentry"],"_links":{"self":[{"href":"https:\/\/www.tt-nogent.fr\/index.php\/wp-json\/wp\/v2\/pages\/1978","targetHints":{"allow":["GET"]}}],"collection":[{"href":"https:\/\/www.tt-nogent.fr\/index.php\/wp-json\/wp\/v2\/pages"}],"about":[{"href":"https:\/\/www.tt-nogent.fr\/index.php\/wp-json\/wp\/v2\/types\/page"}],"author":[{"embeddable":true,"href":"https:\/\/www.tt-nogent.fr\/index.php\/wp-json\/wp\/v2\/users\/3"}],"replies":[{"embeddable":true,"href":"https:\/\/www.tt-nogent.fr\/index.php\/wp-json\/wp\/v2\/comments?post=1978"}],"version-history":[{"count":7,"href":"https:\/\/www.tt-nogent.fr\/index.php\/wp-json\/wp\/v2\/pages\/1978\/revisions"}],"predecessor-version":[{"id":2776,"href":"https:\/\/www.tt-nogent.fr\/index.php\/wp-json\/wp\/v2\/pages\/1978\/revisions\/2776"}],"wp:attachment":[{"href":"https:\/\/www.tt-nogent.fr\/index.php\/wp-json\/wp\/v2\/media?parent=1978"}],"curies":[{"name":"wp","href":"https:\/\/api.w.org\/{rel}","templated":true}]}}